= 0. What is the remainder when v is divided by s?
44
Let r be (270/18)/(4 + -1). Suppose -r*x + 25 = 0, -2*s = 8*x - 3*x - 81. Calculate the remainder when 528 is divided by s.
24
Calculate the remainder when 274 is divided by ((-883)/4415)/((-1)/520).
66
Let m(q) = -2*q**3 + 1. Let k be m(-1). Suppose -k*v + 655 = -80. Let h = -3574 + 3587. What is the remainder when v is divided by h?
11
Let v(d) = -10*d + 4. Let z be v(1). Let a be (-346)/z + 6/(-9). Calculate the remainder when 55 is divided by a/6*1*(1 - -1).
17
Suppose 6*l - 8 = 2*l. Suppose -4*a - 2*w + 208 = 0, 3*w - 40 = -l*a + 60. Let h = 453 - 435. Calculate the remainder when a is divided by h.
17
Suppose 0 = 4*i + 4*n - 2180, -i + 535 = 205*n - 206*n. Calculate the remainder when i is divided by 190.
160
Let r = 58 + -54. Suppose -3*b + 0*j + r*j = -68, -2*b + 47 = -j. Calculate the remainder when 549 is divided by b.
21
Suppose 0 = 35*m - 31*m - 88. Suppose -5*p = -3*b + m, -12 = -3*b - 2*p - 4. Calculate the remainder when 11 is divided by b.
3
Suppose -4*t + 6*t + 2*a + 722 = 0, -5*a = 2*t + 719. Let y = t - -414. Calculate the remainder when y is divided by 13.
0
What is the remainder when 400 is divided by 196/(-490)*((-1)/(-4) - 471/4)?
24
Let p = 91 - 0. Suppose o - 125 = -5*s, o - p - 39 = -4*s. What is the remainder when o is divided by 20?
10
Let g(b) = -3*b**3 - 2*b**2 - 10. Calculate the remainder when g(-4) is divided by 2/15 - 1640/(-75).
18
What is the remainder when 286 is divided by 35 + ((-84)/49)/((-6)/(-42))?
10
Let k(l) = l**3 + 2*l**2 - 5. Suppose -321*p + 4284 = -309*p. What is the remainder when p is divided by k(4)?
84
Let a(d) = 2*d**3 - 3*d**2 + 2*d - 3. Let r = 52 - 1. Let t = r + -49. What is the remainder when a(2) is divided by t?
1
What is the remainder when 402 is divided by ((-1)/4)/(78/(-8424))?
24
Let k = -104 - -628. Suppose -2*y = -106 - k. Calculate the remainder when y is divided by 108.
99
Suppose 4*w + 2*h - 9106 = 0, -5 = -27*h + 32*h. What is the remainder when w is divided by 10?
7
Suppose 3*q = t + 90, -2*q - 8*t = -3*t - 77. Let m = -14 + q. What is the remainder when ((-134)/(-8))/(3/12) is divided by m?
16
Let q(t) = -t**2 - 24*t + 57. Let u be q(-27). Let m(n) = -n**3 - 23*n**2 + 7*n + 57. Calculate the remainder when m(u) is divided by 18.
15
Let a(n) = 208*n - 1167. What is the remainder when a(8) is divided by 72?
65
Let v(i) be the first derivative of i**2 - 10*i - 11. Let o be v(5). Let w = 16 - o. What is the remainder when 38 is divided by w?
6
Let a = 5665 + -5673. Let b(g) = g**2 + 5*g + 36. Let k(y) = y. Let u(n) = b(n) + 6*k(n). Calculate the remainder when 59 is divided by u(a).
11
Let l(u) = 242*u + 793. Calculate the remainder when 297 is divided by l(-3).
29
Let r(t) = 4*t + 1260. What is the remainder when r(-78) is divided by 13?
12
Let h = -14 + 19. Suppose -4*z + 5*k - 8*k + 539 = 0, -25 = -h*k. What is the remainder when z is divided by 70?
61
Let k = 187 - 207. Let q(g) = -g**3 - 20*g**2 - 3*g - 47. Calculate the remainder when 477 is divided by q(k).
9
Let x = -33 - -66. Suppose 28 = 2*n + a, a + 70 - 14 = 5*n. Calculate the remainder when x is divided by n.
9
Calculate the remainder when 929 is divided by ((-13)/(-26) - 33/(-6)) + (1 - 1).
5
Let l = -33321 - -37643. Calculate the remainder when l is divided by 255.
242
Let t(s) = -174*s + 5060. Calculate the remainder when t(12) is divided by 31.
27
What is the remainder when (-420)/(2*1/6*-3) is divided by 64?
36
Let s be (3 + -4)/(7/(-28)). Suppose -2*a = o + 2, -6*o + s*o = 3*a + 4. What is the remainder when 20 is divided by (-6 + a)/(-3) + 6?
4
Suppose -462*k - 384 = -468*k. Calculate the remainder when 344 is divided by k.
24
What is the remainder when (2/4)/((-126)/84) + (-21771)/(-27) is divided by 45?
41
Suppose 2*h - 563 = 5*k, 13 = -4*k - 7. What is the remainder when h is divided by 27?
26
Suppose -5*y + 15*r = 14*r - 286, -109 = -2*y - 5*r. Calculate the remainder when 96 is divided by y.
39
Let s = -76 - -92. Suppose 2*o = -w + 59, 3*o - 66 = -2*w + 21. Calculate the remainder when o is divided by s.
15
Let y = 1043 + -842. Suppose 197*q = y*q - 72. Suppose -3*b - 4*r - 1 = -0*r, -4*r + 9 = 5*b. Calculate the remainder when q is divided by b.
3
Let m = -13 - -12. Let g(o) = -348*o - 15. Calculate the remainder when g(m) is divided by 42.
39
Let n = -26 + 30. Suppose -x = n*x - 90. Let u = 84 + -49. What is the remainder when u is divided by x?
17
Suppose 484 = 7*q + 64. Suppose -278 + 46 = -3*p - h, p - q = 4*h. Calculate the remainder when 224 is divided by p.
72
Suppose -34*t + 780 = -28*t. What is the remainder when t is divided by 10/40 + 108/16?
4
Calculate the remainder when 235 - ((14 - 17) + 14) is divided by 6.
2
Let c = 7142 + -5760. Calculate the remainder when c is divided by 3.
2
Let n = 36 + -24. What is the remainder when 75 is divided by n/(-96) - (-153)/8?
18
Suppose 5 = -c - 141. Let h = -50 - c. Calculate the remainder when h is divided by 14.
12
What is the remainder when 84/(-462) - (-1828)/11 is divided by 10 - (0 + (-1 - -4))?
5
Suppose 79 - 184 = -5*o. Calculate the remainder when (-8)/(40/(-45)) + 74 is divided by o.
20
Suppose -27 = -l + 4*q + 3, -4*q + 54 = l. Let z = l + -26. Let c = 21 - 15. What is the remainder when z is divided by c?
4
What is the remainder when ((-1 - 4) + 19975/(-51))/(4/(-6)) is divided by 294?
7
Suppose -5*v - 140*z = -136*z - 84, -2*v - 3*z = -35. Calculate the remainder when 3847 is divided by v.
7
Let f = -4585 - -4631. What is the remainder when 1609 is divided by f?
45
Let i(g) = 76*g - 566. Calculate the remainder when 833 is divided by i(8).
35
Let b = 402 - 402. Let y(s) = 2*s**2 + s. What is the remainder when y(2) is divided by 3/3 + b + (32 - 31)?
0
Let j be 48/(-360) + 141/45 + -1. Let u(g) = -g**2 + 7. Let o be u(0). Suppose -o*s + 25 = -j*s. Calculate the remainder when 12 is divided by s.
2
Let x = -618 - -641. What is the remainder when 532 is divided by x?
3
Calculate the remainder when 16/(-52) + (-27725)/(-325) is divided by 22.
19
Let t(p) = -24*p**2 - 15 + 28*p - 11*p - 9*p + p**3. Calculate the remainder when t(24) is divided by 36.
33
Let j = 1067 + -798. Let y(z) = 3*z**2 + 7*z - 7. Calculate the remainder when j is divided by y(-7).
87
Let j(s) be the third derivative of -s**4/3 + 11*s**3/2 + 2*s**2. Let a be j(-16). Let v = a + -103. What is the remainder when v is divided by 16?
10
Suppose 113*q - 1080 = 93*q. Let t = -5 - -20. What is the remainder when q is divided by t?
9
Let p = -2696 + 3117. Calculate the remainder when p is divided by 67.
19
Let y(m) = m**3 - 135*m**2 + 270*m - 516. Suppose h = 2*h - 11. What is the remainder when y(133) is divided by h?
5
What is the remainder when 1884 is divided by (5/10)/((-16)/(-2080))?
64
Suppose 0 = 3*o - 10*o - 308. Let u = o + 46. Suppose -u*m + 9 = -3. Calculate the remainder when 12 is divided by m.
0
Suppose 4*z - 6*b = 390, -2*z - 3*b + 17 = -208. What is the remainder when 599 is divided by z?
74
Suppose 7*m - 47 = 37. Suppose -11*w + m = -8*w. Suppose c - v = 9, -w = c + 4*v - 3. What is the remainder when c is divided by 6?
1
Suppose -3*n + 12*n + 8745 = 174*n. What is the remainder when 4135 is divided by n?
1
Let q = -2390 - -2524. Let d(m) = m**3 - 4*m**2. Let b be d(4). Suppose -2*r = -2*i - b*i + 74, -2*i = -3*r - 77. What is the remainder when q is divided by i?
32
Suppose 4*p - 185 = -5*t + 201, -5*t + 10 = 0. Let f = 261 - p. Calculate the remainder when f is divided by 43.
38
Suppose 0 = 4*b - 13*b + 6138. Let i = -366 + b. What is the remainder when i is divided by 32?
28
Suppose 10*p - 2784 = 2876. Calculate the remainder when p is divided by 179.
29
Suppose 2*v - 192 = -2*v. Let w be (1 - -2) + (-5 - -1533). Let s = w + -1518. What is the remainder when v is divided by s?
9
Let x = -230 - -391. Let r be 69/x + 0 + 11/7. Suppose 3*h = r*h + 130. Calculate the remainder when h is divided by 33.
31
Suppose 32*x - 760 = 12*x. What is the remainder when 63 is divided by x/380 + 78/20?
3
Let f = -7994 - -8109. Calculate the remainder when 334 is divided by f.
104
Suppose -3*j - 741 = -5*m + 24505, -3*j - 5042 = -m. What is the remainder when m is divided by 12?
11
Suppose -505*y + 7*y + 78800 = -9898